 -1 - o + i*o**2 - 2*o - 3*o**2 + 0. What is the tens digit of j(-3)?
1
Suppose 2*c = -x + 6*x - 653, 5*c = -4*x + 496. What is the hundreds digit of x?
1
Let q(y) = 5*y**2 + 4*y - 8. What is the units digit of q(4)?
8
Let o = -15 + 24. What is the units digit of o?
9
Suppose 2*r + 22 + 8 = -4*d, -d + 2*r - 5 = 0. Let o = -3 - d. What is the units digit of o?
4
Let m = -7 - -33. What is the tens digit of m?
2
Let i be 3/(-2)*32/(-12). Suppose -i = 2*g + 8. Let b = 12 + g. What is the units digit of b?
6
Suppose -15 - 15 = 5*v. Let h be ((-3)/v)/((-2)/16). Let l(n) = -n + 4. What is the units digit of l(h)?
8
Suppose 0 = 3*j - 2*a - 2*a - 8, 0 = 3*j + 4*a + 8. Suppose -2*o = -0*o - 4*c - 6, 2*c - 10 = j. What is the units digit of o?
3
Suppose 6*v - 5 = w + 2*v, 4*w - 4*v = -8. Let j be (0*w/(-3))/3. Suppose -3*g = j, -7*g = -z - 3*g + 2. What is the units digit of z?
2
Suppose -m - 5*i - 16 = -71, 0 = -2*m - i + 101. Suppose 5*y - 3*y = m. What is the units digit of y?
5
Let q = 6 + -4. Suppose -7 = -q*w + 35. What is the tens digit of w?
2
Let d = -28 - -25. Let t = 36 - 24. Let r = t + d. What is the units digit of r?
9
What is the tens digit of ((-12)/8)/((-1)/12)?
1
Let r(k) = k**3 + 14*k**2 + 18*k + 11. What is the units digit of r(-10)?
1
Suppose 5 = 2*v + 1. Let i be 30/(-9)*(-6)/5. Suppose -h + 0*h = 2*c + i, -v*c - 8 = -h. What is the units digit of h?
2
Let b = 138 - 49. Let j = b - 43. Suppose -5*l = 2*u - j, -10 = -2*l + 2*u + 14. What is the units digit of l?
0
Let m(c) = c**2 - 10*c + 4. Let d be m(10). Suppose 5*g - 16 = 3*t - 4*t, d*g = 3*t + 9. What is the units digit of t?
1
Let w be (3 - 6)*-1 - 1. Let z(c) = 4*c + 0 + 3*c**3 - 2*c - 5*c**w - 6 - 2*c**3. What is the units digit of z(5)?
4
Suppose -5*a = -4*b - 109 - 33, 3*a - 100 = -5*b. What is the units digit of a?
0
Let p = 7 - -23. Let c = p - 4. What is the tens digit of c?
2
Suppose 0 = 2*u + 3*u. Let s(o) = o**3 - 2*o + 18. What is the units digit of s(u)?
8
Suppose 0 = k - 4 - 1. Let w(q) = 3*q**3 + q**2 + 9*q + 9. Let a(z) = 2*z**3 + 5*z + 5. Let b(r) = k*a(r) - 3*w(r). What is the units digit of b(4)?
6
Let s(w) = -7*w**3 - 4*w**2 - w + 4. What is the hundreds digit of s(-3)?
1
Let q(x) = 10*x**3 - x**2 - 3*x - 3. Let a be q(-2). Let s = -11 - -17. What is the units digit of (-9)/6 - a/s?
2
Let k(z) = z**2 + 8*z + 8. What is the tens digit of k(-11)?
4
What is the units digit of (-8)/(-8) + 1 + 0?
2
Suppose -s = -4*s. Suppose 2*c + 2 = 2*f, 5*f - 11 = 3*c - s*c. What is the units digit of c?
3
Let g(k) be the second derivative of 0 + 1/12*k**4 - 1/6*k**3 + 2*k - 3/2*k**2. What is the units digit of g(-3)?
9
Let l = -17 + 9. Let r = l - -16. Suppose p = -2*n + r, 2*n = -0*n - 3*p + 4. What is the units digit of n?
5
Let v(r) = r**2 - 7*r + 1. Let o be v(6). What is the units digit of ((-38)/o)/(1/5)?
8
Let r be 144/10 + (-2)/5. Let t be (-19)/(-7) - (-4)/r. Suppose -t*k + 4*k - 29 = -5*f, 3*f - 57 = -5*k. What is the units digit of k?
9
Suppose -4*i = -i - 9. What is the units digit of 3 - (0/i + -4)?
7
Suppose 2*d + 6*p = 2*p + 556, -d - p + 283 = 0. What is the units digit of d?
8
Let m be 6/(-2)*30/9. What is the tens digit of (28/(-8))/(1/m)?
3
Let s be 2 - (2 - 0)/2. Let n be -2 + 6 + s + 0. Suppose -2*q - 21 = -y, 4*q + 6 = y + n*q. What is the units digit of y?
1
Let y = 121 + -56. Suppose 0 = 4*d - 9*d + y. What is the tens digit of d?
1
Suppose -o = b - 4*b + 100, -b = o - 36. What is the units digit of b?
4
Suppose 15 = 3*u, 4*k + 3*u - 26 = u. Suppose -k*n + 5*n = 5*q - 17, 20 = 2*q + 4*n. What is the units digit of q?
4
Let h(x) = x + 7. Let k = -7 + 17. What is the tens digit of h(k)?
1
Suppose -3*g = -8*q + 5*q - 756, 2*q - 1032 = -4*g. What is the tens digit of g?
5
Let v(d) be the second derivative of -d**4/12 + 5*d**3/6 + 7*d**2/2 + d. Let x = -5 + 11. What is the units digit of v(x)?
1
Let g = -14 - -34. What is the units digit of g?
0
Let o = 111 - -16. What is the units digit of o?
7
Let n(i) = 3 + 7*i**2 - 2*i**3 + 2*i**3 - 2*i - i**3. What is the units digit of n(6)?
7
What is the units digit of (-812)/(-98) - (-2)/(-7)?
8
Suppose -3*j + 65 = 5*o, o = -o + 5*j - 5. Let y be (24/o)/(12/(-40)). What is the units digit of 2/y - 26/(-8)?
3
Let z(w) = 2*w**2 - 3*w - 7. What is the hundreds digit of z(-9)?
1
Let m = -10 - -15. Suppose -n + 25 = -4*d, 0 = -4*n - n + m*d + 185. What is the tens digit of n?
4
Let f = 1 + 2. Suppose -2*h + f*j - 24 = 0, -3*j = -0*h + 2*h. What is the units digit of (2/(-6))/(2/h)?
1
What is the tens digit of 13664/105 + 4/(-30)?
3
Suppose -38 = -2*t - 4*g + 20, -2*g = -3*t + 63. Suppose -73 - t = -4*w. What is the tens digit of w?
2
Let j be 2/4*(-4 - -2). Let t be (3 - 2 - -3) + j. Suppose 2*k = -t + 15. What is the units digit of k?
6
Let r be 2*(-2)/(-4)*0. What is the units digit of r + 2 + (-2 - -1)?
1
Let m be (-1 - -3)*(-9)/(-6). Suppose y - 11 = -m. What is the units digit of y?
8
Let p(o) = -6*o**2 - 5*o**2 - 20 + 14*o + o**3 + 16. What is the tens digit of p(10)?
3
What is the units digit of (0 - (-3)/(-6))/((-2)/236)?
9
Let c(r) = -10*r**3 + r**2 - 1. Let g be c(-1). Suppose -k = 4*k - g. What is the units digit of (2/1)/2 + k?
3
Let z(m) = 2*m**2 - 6*m + 1. Let d be z(4). Let y = 15 - d. What is the units digit of y?
6
Suppose -4*w + 584 = p, -5*w + 0*w + p = -739. What is the hundreds digit of w?
1
Suppose 4*s = 397 - 89. What is the tens digit of s?
7
Let d = 43 + -28. What is the tens digit of d?
1
Let k(s) = 17*s - 1. What is the tens digit of k(1)?
1
Let l be (-12)/15*(-5)/2. Suppose -t - l = -3. What is the units digit of t?
1
What is the units digit of 522/24*(-4)/(-3)?
9
Let l be 12 + -4 + 3/3. Let w(d) = -12 + l*d**2 - d**3 - d + 4*d**3 - 4*d**3 + 3*d. What is the units digit of w(9)?
6
Suppose 0*l + 3 = u - 4*l, 0 = 5*u - 2*l + 3. Let y be 32/(-112) - (-18)/14. What is the units digit of (-12 + u)/((-1)/y)?
3
Let f(a) = a**3 + a**2 + 2*a + 7. What is the units digit of f(3)?
9
Suppose -90 = -c - 2*c. Suppose -4*b + 52 = 4*r - b, r + 5*b = c. What is the tens digit of r?
1
Suppose 3*q + 12 = -r - 2*q, -5*q - 18 = -r. What is the units digit of r?
3
Let g(z) = -z**2 + 14*z + 7. What is the tens digit of g(13)?
2
Let x(y) = y**2 - 7*y + 7. Let a be x(6). Let w = a - -2. What is the units digit of w?
3
Let k = 3 - -61. Suppose -a = 3*y - k, 0 = y + 4*y + 4*a - 102. What is the tens digit of y?
2
Let z = 91 - 96. Let l be (-6)/2*(8 - 1). Let v = z - l. What is the tens digit of v?
1
Let y(s) = -s**3 - 7*s**2 + 8*s + 16. Let z be y(-8). Let o be ((-2)/4)/(1/(-10)). Suppose o*w - z = 3*w. What is the units digit of w?
8
Suppose -j + 5*j + 2*w + 4 = 0, -2*j = 3*w + 6. Suppose j = -3*l + 4*l. What is the units digit of (l - (-15)/6)*2?
5
Let i(g) = g**2 - g + 3. Suppose 5*b - 3*b - 3 = 5*d, 4*b + d - 17 = 0. What is the tens digit of i(b)?
1
Suppose 3*s + 10 = s, -3*o - 2*s - 46 = 0. What is the tens digit of (-8)/o*(24 + 0)?
1
Let w(h) = h**3 + 2*h**2 - h - 1. Let l = 3 + -5. Let o be w(l). What is the units digit of ((-1)/(-2))/(o/6)?
3
Let o = 21 + -15. Suppose o = 3*a - 0. What is the units digit of a?
2
Let h = -5 - -2. Let k be (h + 4)*2/2. Let m = 13 + k. What is the units digit of m?
4
Suppose -2*q + 428 = 2*s, -4*s - 3*q + 856 = -8*q. What is the units digit of s?
4
Let u be -1 + 3 + 0 + -8. What is the units digit of ((-33)/u)/(1/2)?
1
Suppose -5*l + 94 = 54. What is the units digit of l?
8
Let k(m) = 4*m**3 + 8*m - 1. Let h(p) = 5*p**3 - p**2 + 9*p - 1. Let b(i) = -5*h(i) + 6*k(i). What is the units digit of b(5)?
4
Let p = -97 + 147. Suppose 5*k - 6*a - p = -a, 5*a = -2*k - 15. Let h = k - 3. What is the units digit of h?
2
What is the units digit of (-4)/6 - (-85)/51?
1
Let r(v) = -v**2 + 3*v. Let l be r(6). Let h be l/(-3)*(-1)/(-2). Let u(p) = -p**3 + 4*p**2 - p + 1. What is the units digit of u(h)?
7
Let q be (1/2)/((-1)/4). Let z be q/(-12)*-2*-15. Let x = z - -4. What is the units digit of x?
9
Suppose -4*n = -2*n + 3*d - 559, 5*n + 3*d = 1411. What is the tens digit of n?
8
Let h = 18 - 15. What is the tens digit of (-3)/(h/(-13)) - 3?
1
What is the units digit of (206/(-3))/(12/9 - 2)?
3
Suppose 2 + 3 = w. Suppose 56 + 14 = w*f. What is the tens digit of f?
1
Suppose 0*k + 4*f + 146 